when 5357 is divided by i.
64
Suppose 3*d - 9 = 2*d. Let n(a) = -161*a - 3858. Calculate the remainder when d is divided by n(-24).
3
Let a = 68 - 36. Suppose -5*k + 0 = -3*s - a, -k + 16 = -3*s. Suppose -c + 340 = k*c. What is the remainder when c is divided by 14?
12
Suppose -5*c = 481 - 1526. Let j(d) = d**2 - 18*d - 3985. What is the remainder when c is divided by j(73)?
29
Let n(a) be the first derivative of -a**4/4 + 2*a**3 - 2*a**2 - 2. Let f be n(5). Suppose 3*l = f*l - 44. Calculate the remainder when 63 is divided by l.
19
Suppose 2*g + 792 = -1024. Let a = -890 - g. Calculate the remainder when a is divided by 2.
0
Suppose 20 = 4*a - 9*a. What is the remainder when (111 + a)*(6 - 5) is divided by 23?
15
Let t be (-1)/12 - ((-16072)/(-96))/(-41). Let l(i) = 3*i + 6. Let a be l(7). What is the remainder when 12 is divided by t + (1/(-3))/((-3)/a)?
5
Let b = 47 + -32. Let x(a) = 302*a - 4525. What is the remainder when b is divided by x(15)?
0
Suppose -5*t + 60 = 4*h - 5*h, 0 = -2*t - 6. Let b = h + 65. What is the remainder when 25 is divided by 18 - 5/((-25)/b)?
9
Suppose 0 = 5*y - 161 - 19. Suppose 0 = n + 3*b + 17, 2*b = 4*n - 11 + 107. Let x = y + n. Calculate the remainder when 24 is divided by x.
11
Suppose 4*x - 72 = -3*y + 87, 156 = 3*y + 3*x. Suppose -y*b = -29*b - 5080. What is the remainder when b is divided by 61?
10
Suppose 6*l - 2*l - 512 = 0. Let t(c) = -5*c - 136. Let k(i) = 3*i + 91. Let p(w) = 8*k(w) + 5*t(w). What is the remainder when l is divided by p(15)?
29
Suppose 324*w + 836 = 6020. Calculate the remainder when -4 + 2 - 416/(-2) is divided by w.
14
What is the remainder when 1929 is divided by ((-13482)/(-35))/((-64)/(-160))?
3
Let x(v) = 2*v**3 + 2*v**2 + 4*v + 1. Let f be x(-3). Let m = 50 + f. Let y(u) = 10*u - 18. Calculate the remainder when 21 is divided by y(m).
9
Suppose 6*h - 29*h - 38*h + 1952 = 0. Suppose 3*x + 191 = 545. What is the remainder when x is divided by h?
22
Suppose 0 = -d + 4*m + 2, 0 = 3*d - 0*m - m - 6. Suppose k - d = 0, -4*z - k + 12 = z. What is the remainder when 31 is divided by z?
1
Let d = -78 - 94. What is the remainder when (2 - (-1 + d)) + -1 is divided by (-36)/120 - (-163)/10?
14
Let x = 915 - 664. Calculate the remainder when x is divided by ((-48)/(-40))/(4/30).
8
Let z be (4 - 8)*(-1)/4 + 1. Calculate the remainder when 9 is divided by 5/z*114/95.
0
Suppose -47204 = 32*u - 47236. Let k(i) be the first derivative of 15*i**4/4 - i**3/3 + i + 1. Calculate the remainder when k(u) is divided by 8.
7
Suppose -3140*s - 496 = 3145*s - 6301*s. What is the remainder when 3622 is divided by s?
26
Let k be 6/16 + 4/((-352)/(-6303)). What is the remainder when 131 is divided by 8/(-6) - 832/k*-6?
63
Let s = -161 - -269. Suppose 21*f - 17*f = -4*t + s, -5*t - 49 = -3*f. Calculate the remainder when f is divided by 7.
2
Let f(w) = -10*w + 42. Let o be f(7). What is the remainder when 40 is divided by o/(-56) - (-2 + 93/(-6))?
4
Suppose 7*k - 357 = 5*k + 3*x, -6*k + 1110 = 4*x. Calculate the remainder when 468 is divided by k.
102
Let g = -25837 - -26024. Calculate the remainder when g is divided by 69.
49
Let z(l) = l**3 + 23*l**2 + 19*l - 62. Let t be z(-22). Suppose t*h + 29*h = 13200. Calculate the remainder when h is divided by 67.
65
Suppose -7*n + 4*n + 23 = 2*b, -4*b + 36 = 4*n. Suppose -2*j = 5*r - 198, 4*j = 3*r + n*j - 119. Calculate the remainder when 797 is divided by r.
37
Let b = 10 + -3. What is the remainder when 79 is divided by 5 + (6 - (-35)/b)?
15
Suppose 237 = -4*i + 273. Suppose i*s = 8*s + 31. Suppose 0 = -5*d + 17 + 28. Calculate the remainder when s is divided by d.
4
Let i = 40994 - 12517. What is the remainder when i is divided by 16?
13
Suppose 3*u + 49 = 5*g, 0 = -3*g + 5*g - 2*u - 22. Suppose 0 = g*h - 12*h + 4. Calculate the remainder when 4 is divided by h.
0
Suppose -262 = -5*s - 2. Suppose q + 8 = 3*q. Suppose 4 = 4*g, q*z - g + 3*g = 58. Calculate the remainder when s is divided by z.
10
Suppose -p - 5*g = -44, g - 110 = -4*p + 9. What is the remainder when 7481 is divided by p?
28
Suppose 21*b + 0 = 42. Let a = 19 + -20. What is the remainder when 3 is divided by (a + 2)*-1 + b?
0
Let y(u) = -11*u - 52. Let m be y(-4). What is the remainder when 47 is divided by m/(-16)*-2 + 25?
23
Suppose -32*u + 38*u - 130758 = -87*u. Let d = -97 - -161. What is the remainder when u is divided by d?
62
Suppose -5*i - 1067 = -4*h, -h + 4*i - 112 = -387. Let d = h + -248. What is the remainder when d is divided by 8?
7
Let p = -8 - -13. Suppose 4*a - 4 = 2*n, 0*n + 2*n - 5 = a. Suppose -60 = -p*w + 2*l, -3*w + l = -n*l - 55. Calculate the remainder when 19 is divided by w.
9
Suppose -30*s = -380 - 220. Suppose -77*h + s = -75*h. Calculate the remainder when 37 is divided by h.
7
Let i(n) be the first derivative of 4*n**2 - 5*n - 1. Let k = -309 + 311. What is the remainder when 40 is divided by i(k)?
7
Suppose -2*l - 532 = 2*k, -2*l + 740 + 604 = -5*k. Let w = -249 - k. What is the remainder when w is divided by 13?
6
Suppose -7*b - 4 = 17. Let j(g) = -g**3 - g**2 - g + 2. What is the remainder when j(b) is divided by 8?
7
Suppose m + 5*h - 35 = 0, 0 = 3*m + 2*h + 3*h - 65. Suppose -m*p = -20*p + 100. What is the remainder when 6 is divided by -1 + 3*p/12?
2
Let m(i) = 2*i + 11. Let v be m(36). Let o = v + -44. What is the remainder when 150 is divided by o?
33
Let b = 1157 - 1013. What is the remainder when 147 is divided by b?
3
What is the remainder when ((-14)/(-4))/(6/312) is divided by (-3)/(-69) + 131750/3565?
34
Let b = 113 - 94. Let q(l) = l**3 + 3*l**2 - 4. Let a be q(-3). What is the remainder when b is divided by (-9)/(-36) + (-39)/a?
9
Let k be (200/(-35))/(3/(-84)). Suppose 2*t + k = 530. Calculate the remainder when t is divided by 11.
9
Let b = 3269 - 2365. Calculate the remainder when b is divided by 450.
4
Let g = -1087 + 1187. What is the remainder when 420 is divided by g?
20
Let n(m) be the first derivative of -6*m**2 - 28*m - 2. Let j be 2/(-5) + (-144)/40. Calculate the remainder when 59 is divided by n(j).
19
Suppose -6*t = 27*t - 528. Calculate the remainder when 1116 is divided by t.
12
Suppose -12*l + 5*l = 0. Suppose l = -5*y + 5*u + 595, -466 = -4*y - 0*u - u. Let t(h) = 3*h + 39. What is the remainder when y is divided by t(-8)?
12
Let m = 17 + 47. Let p = -435 - -517. Suppose -94 = -16*g + p. Calculate the remainder when m is divided by g.
9
Let n(s) = 17*s + 135. Calculate the remainder when n(5) is divided by 91.
38
Suppose 22 = -m + 2. Let w = m + 66. What is the remainder when w is divided by (-2*4)/((-3)/6)?
14
Let a(w) = 67*w**2 - 23*w - 88. Calculate the remainder when a(-4) is divided by 15.
11
Let t = 54 + -63. What is the remainder when 54 is divided by 6 - 7*t/(189/(-12))?
0
Suppose u + 5 = 8. Suppose -u*n = -4*l + n, -4*l - 2 = -5*n. Suppose o - 6 = -5*g, -l*g + 4*g - 9 = -o. Calculate the remainder when 20 is divided by o.
9
Let u = -9538 + 9699. Calculate the remainder when u is divided by 111.
50
What is the remainder when (-36)/66 + (-61351)/(-209) is divided by 195?
98
Let g = 2740 - 2728. Calculate the remainder when 769 is divided by g.
1
Let w = 46 + -31. Suppose 3*f - w = 6*f, -5*c + 5*f + 45 = 0. What is the remainder when (-2)/c + (-1963)/(-26) is divided by 13?
10
Suppose 0 = 444*o - 449*o + 2*d + 22057, 3*o + 4*d = 13203. Calculate the remainder when o is divided by 11.
9
Suppose 0 = -o - 3*y + 4*y + 4, -2*o + 3*y + 12 = 0. Suppose o - 12 = -b + 2*m, -5*b = 4*m - 74. Calculate the remainder when 177 is divided by b.
9
Suppose 0 = 4*y + 4*s - 1101 - 123, -4*s + 24 = 0. What is the remainder when 307 is divided by y?
7
Let i(p) = 3*p**2 + 16*p + 4. Let b be i(-14). Let h = 386 - b. Calculate the remainder when 880 is divided by h.
16
Let l(f) = f**2 + 17*f + 65. Let v(m) = m**3 - 3*m**2 - 12*m + 19. Let b be v(4). What is the remainder when 180 is divided by l(b)?
11
Suppose 75*p = -71*p + 153*p - 63. What is the remainder when 0 - -2 - -3*5 is divided by p?
8
Let r(v) = 6*v - 14. Suppose 2*f - 4 = 0, 3*b - 7*b + 88 = -4*f. What is the remainder when r(b) is divided by 7?
4
Suppose -4*k = -2*f + 364, -2*k + 3716 - 3702 = 0. Suppose 0 = 4*c + 4, 0*i - 3*i + c = -124. What is the remainder when f is divided by